{"id":42,"date":"2020-05-10T10:40:34","date_gmt":"2020-05-10T09:40:34","guid":{"rendered":"http:\/\/xn--drk-drpen-47a.de\/?page_id=42"},"modified":"2021-10-24T11:17:05","modified_gmt":"2021-10-24T10:17:05","slug":"impressum","status":"publish","type":"page","link":"https:\/\/xn--drk-drpen-47a.de\/?page_id=42","title":{"rendered":"Impressum"},"content":{"rendered":"<pre style=\"text-align: left; padding-left: 280px;\"><span style=\"color: #ff0000;\">\r\nAnbieterkennung nach \u00a7 5 TMG<\/span> \r\n\r\n\r\n<span style=\"color: #ff0000;\">Seitenbetreiber<\/span>\r\nDeutsches Rotes Kreuz Ortsverein D\u00f6rpen e.V.\r\nForst-Arenberg-Str. 11\r\n26892 D\u00f6rpen\r\n\r\nEmail: info@drk-d\u00f6rpen.de\r\n\r\n\r\n\u00a0\r\n<span style=\"color: #ff0000;\">Vereinsregister<\/span>\r\nRegistergericht: Amtsgericht Osnabr\u00fcck\r\nRegisternummer:\u00a0VR 150171\r\n\r\n\r\n<span style=\"color: #ff0000;\">Vertretungsberechtigter Vorstand\r\n<span style=\"color: #000000;\">Harald Heinrich<\/span>\r\n<\/span>\r\n\r\n<span style=\"color: #ff0000;\">Umsatzsteuer-Identifikationsnummer gem\u00e4\u00df \u00a7 27 a Umsatzsteuergesetz:<\/span>\r\nUstId.-Nr. und K\u00f6rperschaften: \r\n\r\n<span style=\"color: #ff0000;\">Inhaltlich Verantwortlicher gem\u00e4\u00df \u00a7 55 Abs. 2 RStV:<\/span>\r\nHans Hermann Funke\r\nB\u00fcrgerstra\u00dfe 16, 26892 D\u00f6rpen\r\n\r\n<span style=\"color: #ff0000;\">Informationen zur Online-Streitbeilegung:<\/span>\r\nDie Europ\u00e4ische Kommission stellt eine Plattform zur Online-Streitbeilegung (OS) bereit.\r\nDiese Plattform finden Sie unter folgendem Link: https:\/\/ec.europa.eu\/consumers\/odr\/.\r\nVerbraucher k\u00f6nnen diese Plattform nutzen, um ihre Streitigkeiten aus Online-Vertr\u00e4gen beizulegen. \r\n\r\n<span style=\"color: #ff0000;\">Hinweis gem\u00e4\u00df \u00a7 36 VSBG:<\/span>\r\nWir werden nicht an alternativen Streitschlichtungsverfahren im Sinne des \u00a7 36 VSBG teilnehmen. \r\nDie Nutzung einer alternativen Schlichtungsstelle stellt keine zwingende Voraussetzung f\u00fcr das Anrufen \r\nzust\u00e4ndiger ordentlicher Gerichte dar. \r\n\r\n<span style=\"color: #ff0000;\">Urheberrecht und Bildnachweise:<\/span>\r\nDie Inhalte der Web-Seite sind - soweit nicht abweichend angegeben - urheberrechtlich gesch\u00fctzt. \r\nVerwendete Fotografien sind ggf. mit Bildnachweisen gekennzeichnet oder unten aufgef\u00fchrt, \r\nsoweit sie nicht selbst angefertigt wurden. Die Verwendung von Fotografien auf Drittseiten ist nur \r\nim Rahmen der jeweiligen Lizenz der Urheber m\u00f6glich. \r\n\r\n<span style=\"color: #ff0000;\">Haftungsausschluss<\/span> \r\n\r\n<span style=\"color: #ff0000;\">1. Inhalt der Seiten<\/span> \r\nDer DRK-Ortsverein D\u00f6rpen e.V. \u00fcbernimmt keinerlei Gew\u00e4hr f\u00fcr die Aktualit\u00e4t, Korrektheit, \r\nVollst\u00e4ndigkeit oder Qualit\u00e4t der bereitgestellten Inhalte. Haftungsanspr\u00fcche gegen den DRK-Ortsverein D\u00f6rpen e.V., \r\nwelche sich auf Sch\u00e4den materieller oder ideeller Art beziehen, die durch die Nutzung oder Nichtnutzung der \r\ndargebotenen Informationen bzw. durch die Nutzung fehlerhafter und unvollst\u00e4ndiger Informationen verursacht wurden, \r\nsind grunds\u00e4tzlich ausgeschlossen, sofern seitens des DRK-Ortsverein D\u00f6rpen e.V. kein nachweislich vors\u00e4tzliches \r\noder grob fahrl\u00e4ssiges Verschulden vorliegt. \r\n\r\n<span style=\"color: #ff0000;\">2. Verweise und Links<\/span> \r\nDie Verantwortlichkeit des Diensteanbieters beschr\u00e4nkt sich gem\u00e4\u00df \u00a7 7 Abs. 1 TMG ausschlie\u00dflich auf die vom \r\nDiensteanbieter bereitgehaltenen eigenen Inhalte. Dar\u00fcber hinaus enth\u00e4lt die Website auch entsprechend gekennzeichnete \r\nVerweise oder Links auf Websites Dritter. Auf die aktuelle und zuk\u00fcnftige Gestaltung, die Inhalte oder die Urheberschaft \r\nder verlinkten\/verkn\u00fcpften Seiten hat der DRK-Ortsverein D\u00f6rpen e.V. keinerlei Einfluss. F\u00fcr den Inhalt der Seite ist \r\nallein der jeweilige Anbieter der Seite verantwortlich, weshalb der DRK-Ortsverein D\u00f6rpen e.V. diesbez\u00fcglich keine Gew\u00e4hr \r\n\u00fcbernimmt. \r\nDer DRK-Ortsverein D\u00f6rpen e.V. erkl\u00e4rt hiermit ausdr\u00fccklich, dass zum Zeitpunkt der Linksetzung keine illegalen Inhalte \r\nauf den zu verlinkenden Seiten erkennbar waren. Eine permanente inhaltliche Kontrolle der verlinkten Seiten ohne konkrete \r\nAnhaltspunkte einer Rechtsverletzung ist jedoch nicht zumutbar. Bei Bekanntwerden von Rechtsverletzungen werden derartige \r\nLinks umgehend entfernt. \r\n\r\n<span style=\"color: #ff0000;\">3. Urheber- und Kennzeichenrecht<\/span> \r\nDer DRK Ortsverein D\u00f6rpen e.V. ist bestrebt, in allen Publikationen die Urheberrechte der verwendeten Bilder, Grafiken, \r\nTondokumente, Videosequenzen und Texte zu beachten, von ihm selbst erstellte Bilder, Grafiken, Tondokumente, Videosequenzen \r\nund Texte zu nutzen oder auf lizenzfreie Grafiken, Tondokumente, Videosequenzen und Texte zur\u00fcckzugreifen. \r\nAlle innerhalb des Internetangebotes genannten und ggf. durch Dritte gesch\u00fctzten Marken- und Warenzeichen unterliegen \r\nuneingeschr\u00e4nkt den Bestimmungen des jeweils g\u00fcltigen Kennzeichenrechts und den Besitzrechten der jeweiligen eingetragenen \r\nEigent\u00fcmer. Allein aufgrund der blo\u00dfen Nennung ist nicht der Schluss zu ziehen, dass Markenzeichen nicht durch Rechte Dritter \r\ngesch\u00fctzt sind! \r\nDas Copyright f\u00fcr ver\u00f6ffentlichte, vom DRK-Ortsverein D\u00f6rpen e.V. selbst erstellte Objekte bleibt allein beim Autor der \r\nSeiten. Eine Vervielf\u00e4ltigung, Bearbeitung, Verbreitung und jede Art der Verwertung au\u00dferhalb der Grenzen des Urheberrechts \r\nsolcher Grafiken, Tondokumente, Videosequenzen und Texte in anderen elektronischen oder gedruckten Publikationen bed\u00fcrfen \r\nder schriftlichen Zustimmung des Autors. Downloads und Kopien sind nur f\u00fcr den privaten, nicht aber den kommerziellen \r\nGebrauch gestattet. \r\n\r\n<span style=\"color: #ff0000;\">4. Datenschutz<\/span> \r\nSofern innerhalb der Website die M\u00f6glichkeit zur Eingabe pers\u00f6nlicher oder gesch\u00e4ftlicher Daten (Mailadressen, Namen, \r\nAnschriften) besteht, so erfolgt die Preisgabe dieser Daten seitens des Nutzers auf ausdr\u00fccklich freiwilliger Basis. \r\nDie Inanspruchnahme und ggf. Bezahlung aller angebotenen Dienste ist - soweit technisch m\u00f6glich und zumutbar - auch \r\nohne Angabe solcher Daten bzw. unter Angabe anonymisierter Daten oder eines Pseudonyms gestattet. Eine Weiterleitung \r\nan Dritte erfolgt nicht ohne ausdr\u00fcckliche Zustimmung des Users. \r\nDie Nutzung der im Rahmen des Impressums oder vergleichbarer Angaben ver\u00f6ffentlichten Kontaktdaten wie Postanschriften, \r\nTelefon- und Faxnummern sowie Emailadressen durch Dritte zur \u00dcbersendung von nicht ausdr\u00fccklich angeforderten Informationen \r\nist nicht gestattet. Rechtliche Schritte gegen die Versender von sogenannten Spam-Mails bei Verst\u00f6\u00dfen gegen dieses Verbot \r\nsind ausdr\u00fccklich vorbehalten. \r\n\r\n<span style=\"color: #ff0000;\">5. Rechtswirksamkeit dieses Haftungsausschlusses<\/span> \r\nDieser Haftungsausschluss ist als Teil des Informationsangebotes zu betrachten, von dem aus auf diese Seite verwiesen wurde. \r\nSofern Teile oder einzelne Formulierungen dieses Textes der geltenden Rechtslage nicht, nicht mehr oder nicht vollst\u00e4ndig \r\nentsprechen sollten, bleiben die \u00fcbrigen Teile des Dokumentes in ihrem Inhalt und ihrer G\u00fcltigkeit davon unber\u00fchrt. \r\n\r\n<span style=\"color: #ff0000;\">6. Hinweis auf EU-Streitschlichtung<\/span>\r\nDie Europ\u00e4ische Kommission stellt eine Plattform zur Online-Streitbeilegung (OS) bereit: ec.europa.eu\/consumers\/odr\/\r\n\r\n<strong>Hinweis:<\/strong> Dieser Link f\u00fchrt auf die Seite eines anderen Anbieters und Sie verlassen unsere Webseite.\r\n\r\nUnsere E-Mail-Adresse finden Sie oben im Impressum \r\nHinweis auf Verbraucherstreitbeilegung gem\u00e4\u00df VSBG\r\nDer DRK-Ortsverein D\u00f6rpen e.V. nimmt nicht an Streitbeilegungsverfahren vor einer Streitbeilegungsstelle teil. \r\nsiehe auch \u201eDatenschutz\u201c\r\nAlle Inhalte und Fotos sind urheberrechtlich gesch\u00fctzt.\r\nMitgestaltung und Technische Umsetzung:\r\nDRK-Service GmbH, Dienstleistungs- und Database-Marketing (DDM), 12205 Berlin\r\nKontakt: Hans J\u00fcrg Ungeheuer\r\n\r\n<\/pre>\n","protected":false},"excerpt":{"rendered":"<p>Anbieterkennung nach \u00a7 5 TMG Seitenbetreiber Deutsches Rotes Kreuz Ortsverein D\u00f6rpen e.V. Forst-Arenberg-Str. 11 26892 D\u00f6rpen Email: info@drk-d\u00f6rpen.de \u00a0 Vereinsregister Registergericht: Amtsgericht Osnabr\u00fcck Registernummer:\u00a0VR 150171 Vertretungsberechtigter Vorstand Harald Heinrich Umsatzsteuer-Identifikationsnummer gem\u00e4\u00df \u00a7 27 a Umsatzsteuergesetz: UstId.-Nr. und K\u00f6rperschaften: Inhaltlich Verantwortlicher gem\u00e4\u00df \u00a7 55 Abs. 2 RStV: Hans Hermann Funke B\u00fcrgerstra\u00dfe 16, 26892 D\u00f6rpen Informationen zur &hellip; <a href=\"https:\/\/xn--drk-drpen-47a.de\/?page_id=42\">Continued<\/a><\/p>\n","protected":false},"author":1,"featured_media":74,"parent":147,"menu_order":0,"comment_status":"closed","ping_status":"closed","template":"","meta":{"footnotes":""},"_links":{"self":[{"href":"https:\/\/xn--drk-drpen-47a.de\/index.php?rest_route=\/wp\/v2\/pages\/42"}],"collection":[{"href":"https:\/\/xn--drk-drpen-47a.de\/index.php?rest_route=\/wp\/v2\/pages"}],"about":[{"href":"https:\/\/xn--drk-drpen-47a.de\/index.php?rest_route=\/wp\/v2\/types\/page"}],"author":[{"embeddable":true,"href":"https:\/\/xn--drk-drpen-47a.de\/index.php?rest_route=\/wp\/v2\/users\/1"}],"replies":[{"embeddable":true,"href":"https:\/\/xn--drk-drpen-47a.de\/index.php?rest_route=%2Fwp%2Fv2%2Fcomments&post=42"}],"version-history":[{"count":11,"href":"https:\/\/xn--drk-drpen-47a.de\/index.php?rest_route=\/wp\/v2\/pages\/42\/revisions"}],"predecessor-version":[{"id":580,"href":"https:\/\/xn--drk-drpen-47a.de\/index.php?rest_route=\/wp\/v2\/pages\/42\/revisions\/580"}],"up":[{"embeddable":true,"href":"https:\/\/xn--drk-drpen-47a.de\/index.php?rest_route=\/wp\/v2\/pages\/147"}],"wp:featuredmedia":[{"embeddable":true,"href":"https:\/\/xn--drk-drpen-47a.de\/index.php?rest_route=\/wp\/v2\/media\/74"}],"wp:attachment":[{"href":"https:\/\/xn--drk-drpen-47a.de\/index.php?rest_route=%2Fwp%2Fv2%2Fmedia&parent=42"}],"curies":[{"name":"wp","href":"https:\/\/api.w.org\/{rel}","templated":true}]}}